
94098
222123222 (base 5) to base 12
3ab4a2
f9e69 (base 16) to base 13
29ab9c
What is -10111111010001100100111 (base 2) in base 3?
-102210102122120
What is 101010111010011001111101 (base 2) in base 16?
aba67d
What is -12112221210 (base 3) in base 7?
-633465
b01499 (base 14) to base 6
330514051
What is c5b5c (base 13) in base 6?
11342313
What is -11021454 (base 8) in base 4?
-21002030230
What is 3c001 (base 14) in base 8?
441321
-2103333301 (base 4) to base 3
-1010210112121
Convert 1265305 (base 10) to base 11.
794708
What is 2003030031 (base 5) in base 8?
17054510
7824119 (base 11) to base 15
13115dc
Convert -12431043 (base 5) to base 15.
-26a9d
-1965948 (base 11) to base 5
-1322113122
What is -387c80 (base 13) in base 5?
-322004003
32414530 (base 6) to base 10
966582
What is -110000001101000110001 (base 2) in base 12?
-642129
1245085 (base 10) to base 5
304320320
27551 (base 9) to base 5
1044201
What is -10102000220 (base 3) in base 2?
-10000011000010100
What is -2242340442 (base 5) in base 7?
-60603226
-197d0 (base 15) to base 16
-14352
Convert -2a76569 (base 11) to base 4.
-110011112101
Convert -201402 (base 6) to base 9.
-23742
-bd2d (base 14) to base 5
-2022043
Convert 181105 (base 12) to base 10.
416597
Convert 73a167 (base 11) to base 3.
2020012012220
What is -3210333 (base 6) in base 14?
-412a5
Convert 333044413 (base 6) to base 2.
10110111110111001111001
-44230010 (base 5) to base 3
-201110120000
Convert 11322204 (base 6) to base 2.
1010110001011111100
15103675 (base 8) to base 2
1101001000011110111101
Convert -12114 (base 8) to base 15.
-1816
What is 10213013 (base 5) in base 4?
110312013
d30cd (base 14) to base 16
7bfad
-22501bc (base 13) to base 3
-201211110020200
What is -75831 (base 11) in base 5?
-12011034
Convert -444421 (base 5) to base 16.
-3cfb
What is -1521880 (base 10) in base 2?
-101110011100011011000
What is -256561 (base 8) in base 14?
-2485b
What is -100101111110110011 (base 2) in base 13?
-55a70
Convert 100110111011110000000100 (base 2) to base 6.
1002430552
Convert -b472b4 (base 12) to base 15.
-3ae461
-341bb3 (base 13) to base 2
-100101100110111000101
Convert -246437 (base 13) to base 6.
-30355102
What is -1101120121110 (base 3) in base 14?
-1537a2
What is -212010120222120 (base 3) in base 5?
-11121400334
Convert 652114 (base 8) to base 6.
4402044
Convert -332502353 (base 6) to base 2.
-10110111011101000011101
-412204011 (base 5) to base 8
-6316447
What is 111020210001021 (base 3) in base 7?
113600056
b7bb3 (base 13) to base 2
1010000111100100011
What is 2263041 (base 7) in base 3?
112110002110
Convert d32 (base 16) to base 12.
1b56
What is -1142401324 (base 5) in base 8?
-12231666
What is -24521542 (base 6) in base 3?
-1111001110122
Convert -a6461a8 (base 11) to base 6.
-1505503321
Convert 316d32 (base 15) to base 10.
2351972
-89359 (base 11) to base 6
-2435410
-2055204 (base 7) to base 14
-66b04
173651 (base 12) to base 4
1201223131
Convert 1423160 (base 7) to base 8.
564517
What is -4306221 (base 8) in base 7?
-12530024
-10000110011101110100 (base 2) to base 5
-120111042
Convert 3d0814 (base 14) to base 3.
10222102111120
What is -452956 (base 12) in base 2?
-100001101011111010010
What is -1605ab5 (base 13) in base 7?
-114033431
What is 17db12 (base 16) in base 14?
2c9a82
Convert -88b97b (base 13) to base 8.
-14232056
What is -1332757 (base 8) in base 3?
-201000101022
-5d196 (base 14) to base 9
-376772
What is 53c340 (base 13) in base 7?
22510506
-612a9 (base 11) to base 3
-11112211020
Convert 2a99d1 (base 14) to base 5.
340031301
What is 1040220143 (base 5) in base 14?
4325b7
-243213 (base 10) to base 6
-5113553
What is 34df87 (base 16) in base 4?
31031332013
What is 316074 (base 10) in base 12?
132ab6
Convert 131352432 (base 6) to base 7.
31032632
Convert -6664041 (base 7) to base 10.
-822543
Convert -44483 (base 13) to base 12.
-5b79b
Convert 100001100111010010 (base 2) to base 3.
20222212100
What is 2113332221 (base 4) in base 11?
395774
What is -b7bcc (base 13) in base 3?
-121211211122
What is -1342302014 (base 5) in base 3?
-20112201110001
19797 (base 16) to base 12
50473
Convert 3121220440 (base 5) to base 14.
bd5179
-16757a (base 13) to base 15
-b0959
What is -276388 (base 16) in base 4?
-21312032020
What is 193dc (base 15) in base 12?
3b476
810993 (base 12) to base 7
23052135
What is 225114 (base 9) in base 16?
20f2f
What is -664743 (base 8) in base 10?
-223715
What is -122201011112001 (base 3) in base 6?
-533421001
What is c57f (base 16) in base 14?
145d5
Convert -3336812 (base 9) to base 8.
-6664132
1243438 (base 9) to base 2
10100101100110111001
-588936 (base 16) to base 15
-7992e9
-4520 (base 15) to base 13
-6894
What is 796976 (base 11) in base 2?
100110101101000111100
Convert -77106a (base 11) to base 4.
-10230212103
Convert -221013210 (base 4) to base 7.
-1301010
Convert -83a43 (base 11) to base 7.
-1016534
What is -202120222110 (base 3) in base 9?
-676873
What is 120010012221002 (base 3) in base 11?
4598893
Convert -12c596 (base 14) to base 5.
-131224241
Convert 4dd18 (base 14) to base 8.
566642
What is -4010115 (base 7) in base 5?
-110114213
Convert 101101011001100010100 (base 2) to base 6.
51515112
What is -405022515 (base 6) in base 12?
-23b4a3b
Convert 67143 (base 10) to base 16.
10647
14571 (base 15) to base 10
65356
What is -12a5523 (base 12) in base 3?
-20221222222200
101100022011210 (base 3) to base 9
11308153
What is -102002001222 (base 3) in base 16?
-353a8
What is 2234414 (base 6) in base 13?
3ca27
Convert -632613 (base 8) to base 9.
-350443
-959b71 (base 12) to base 7
-26030413
What is -210322020203 (base 4) in base 8?
-44721043
Convert 22311101 (base 4) to base 10.
44369
What is 12012011111201 (base 3) in base 10?
2758906
-1255212 (base 9) to base 12
-291102
Convert 14ab39 (base 12) to base 3.
122211001100
Convert 11fdc3 (base 16) to base 8.
4376703
Convert -3312334 (base 5) to base 3.
-2220111020
Convert -1088bb (base 12) to base 10.
-263951
Convert 3212120 (base 6) to base 14.
41476
What is 14022221 (base 6) in base 14?
c323b
Convert -56236 (base 11) to base 15.
-19217
-915697 (base 10) to base 6
-31343201
Convert -c3da35 (base 14) to base 4.
-121030333133
Convert 715786 (base 9) to base 13.
11b104
What is -5245230 (base 7) in base 8?
-2324721
Convert -457693 (base 11) to base 4.
-2301220002
b3ac (base 14) to base 8
74314
Convert 166326 (base 8) to base 15.
12e70
101010000111110011 (base 2) to base 5
21010111
Convert -10001110110100010000 (base 2) to base 6.
-20312120
What is -154625066 (base 7) in base 6?
-1012112155
What is 3184221 (base 11) in base 3?
101112102122001
-1074ab (base 14) to base 10
-557967
What is -64630 (base 9) in base 8?
-123453
Convert -1428d (base 15) to base 10.
-64708
Convert -1e88d0 (base 16) to base 6.
-110520212
-857070 (base 9) to base 7
-4223640
Convert -3555250 (base 7) to base 6.
-13355111
418ad0 (base 14) to base 10
2213806
-23b58 (base 16) to base 5
-14140024
What is -110201230 (base 5) in base 13?
-1383a1
Convert -19c6f (base 16) to base 4.
-121301233
What is -50264161 (base 7) in base 16?
-3f961f
What is -5650122 (base 7) in base 3?
-1022121210210
What is c464 (base 16) in base 7?
266402
Convert -135010 (base 6) to base 8.
-30716
Convert 46a556 (base 11) to base 9.
1356317
What is 2322475 (base 9) in base 4?
10302121121
What is -3216134 (base 8) in base 4?
-3101301130
-20030020013 (base 4) to base 13
-5a2213
1100021101 (base 3) to base 6
322231
What is 82cc76 (base 14) in base 12?
158aa48
Convert -100101001000111000001 (base 2) to base 5.
-302420321
11577752 (base 8) to base 4
21233333222
Convert 110101010000010110 (base 2) to base 12.
a629a
Convert -240251020 (base 6) to base 7.
-53155065
What is -25867 (base 14) in base 12?
-45443
-10001110011000110010 (base 2) to base 3
-1002122000200
What is -c2bbc (base 15) in base 3?
-1011100020020
What is -564036 (base 7) in base 15?
-1e8b0
What is 113155204 (base 6) in base 14?
3d0a68
What is 2200210221 (base 3) in base 6?
1045424
What is -68858 (base 12) in base 9?
-232265
Convert -405530 (base 6) to base 7.
-163260
1143172 (base 8) to base 13
ac5a5
What is -400222300 (base 5) in base 4?
-11333120111
37400345 (base 8) to base 14
114d565
What is 776064 (base 8) in base 4?
333300310
What is -4411010 (ba